{"id":56,"date":"2018-03-29T19:23:14","date_gmt":"2018-03-29T19:23:14","guid":{"rendered":"http:\/\/plapp.edu.uy\/?page_id=56"},"modified":"2022-03-01T17:34:39","modified_gmt":"2022-03-01T17:34:39","slug":"acerca-del-proyecto","status":"publish","type":"page","link":"https:\/\/plapp.edu.uy\/?page_id=56","title":{"rendered":"Acerca del proyecto"},"content":{"rendered":"<p>[et_pb_section fb_built=&#8221;1&#8243; _builder_version=&#8221;3.22&#8243; global_colors_info=&#8221;{}&#8221; theme_builder_area=&#8221;post_content&#8221;][et_pb_row _builder_version=&#8221;3.25&#8243; background_size=&#8221;initial&#8221; background_position=&#8221;top_left&#8221; background_repeat=&#8221;repeat&#8221; global_colors_info=&#8221;{}&#8221; theme_builder_area=&#8221;post_content&#8221;][et_pb_column type=&#8221;4_4&#8243; _builder_version=&#8221;3.25&#8243; custom_padding=&#8221;|||&#8221; global_colors_info=&#8221;{}&#8221; custom_padding__hover=&#8221;|||&#8221; theme_builder_area=&#8221;post_content&#8221;][et_pb_text _builder_version=&#8221;3.27.4&#8243; global_colors_info=&#8221;{}&#8221; theme_builder_area=&#8221;post_content&#8221;]El proyecto propone investigar en el marco de los procesos de ense\u00f1anza-aprendizaje en la etapa escolar, en el paisaje como espacio estimulador del aprendizaje y como mediador de nuevas pedagog\u00edas. Estudiando nuevos dispositivos tecnol\u00f3gicos, en particular los drones, como herramientas para visualizar y descubrir nuevos paisajes, como instrumentos para aprender a aprender.<br \/>\nSe trabajar\u00e1 con ni\u00f1os y maestros de la Escuela Rural N88 de Jos\u00e9 Ignacio, que recientemente ha cumplido 80 a\u00f1os de fundaci\u00f3n y tiene una poblaci\u00f3n escolar de 50 alumnos. Se indagar\u00e1 en la percepci\u00f3n que los ni\u00f1os tienen de su paisaje local a trav\u00e9s de recorridas del \u00e1rea de la Laguna Jos\u00e9 Ignacio y luego se trabajar\u00e1 en talleres con diferentes t\u00e9cnicas para su representaci\u00f3n.<\/p>\n<p>En el marco de dicho proyecto, el vidiaLab, perteneciente al DepInfo realiz\u00f3 vuelos con drones sobre el \u00e1rea de indagaci\u00f3n con el fin de trabajar en la elaboraci\u00f3n de cartograf\u00edas de paisaje con los ni\u00f1os pre y post utilizaci\u00f3n de los dispositivos tecnol\u00f3gicos, evaluando aprendizajes a partir de la experiencia.<\/p>\n<p>Se trabajar\u00e1 en la observaci\u00f3n de avifauna local con los ni\u00f1os y en las relaciones entre el Nomenclator de la localidad de Jos\u00e9 Ignacio y las aves de la regi\u00f3n, incluyendo actividades de interacci\u00f3n entre maestros, ni\u00f1os y docentes universitarios. Asimismo se investigar\u00e1 en el itinerario geogr\u00e1fico de la Escuela N88, fundada en 1935 en Molles de Garz\u00f3n, relocalizada en<br \/>\n1974 en Paso de la Cadena, en 1977 en el Faro Jos\u00e9 Ignacio y en 1989 en la localizaci\u00f3n actual. Se realizar\u00e1n vuelos en las \u00e1reas de localizaci\u00f3n previas y actual del edificio escolar, visitas y mapeos del itinerario. Se trabajar\u00e1 con ni\u00f1os de 4\u00aa a 6\u00aa grado, articulando con tem\u00e1ticas de estudio de Geograf\u00eda, Historia, Biolog\u00eda, Artes visuales e Ingl\u00e9s.<\/p>\n<p>Se estudiar\u00e1n publicaciones focalizadamente acerca de tres tem\u00e1ticas en paralelo : el paisaje en la infancia, el aprendizaje profundo y los drones en la educaci\u00f3n. Se realizar\u00e1 un trabajo final que incluir\u00e1 conclusiones acerca de las hip\u00f3tesis exploradas, a modo de s\u00edntesis de la investigaci\u00f3n. Asimismo se elaborar\u00e1 un producto en formato digital con acceso a links, a ser incorporada en el programa Ceibal, para de esta forma ser accesible no solamente a los ni\u00f1os de la regi\u00f3n de Jos\u00e9 Ignacio, sino a ni\u00f1os de otras escuelas del pa\u00eds. Se apunta a la posterior replicabilidad de la experiencia en otras escuelas y de esta forma ir generando productos elaborados con la participaci\u00f3n de los ni\u00f1os para que otros ni\u00f1os conozcan la diversidad de<br \/>\npaisajes de su pa\u00eds.<br \/>\nLa selecci\u00f3n del \u00e1rea geogr\u00e1fica y en particular de la escuela, se fundamenta por la gran diversidad de paisajes presentes en la zona: sierra, laguna, oc\u00e9ano, la necesidad de generaci\u00f3n de conciencia ciudadana de su valoraci\u00f3n y protecci\u00f3n, as\u00ed como la detecci\u00f3n de din\u00e1micas de transformaci\u00f3n acelerada que afectan e impactan el \u00e1rea.<\/p>\n<p>El equipo proponente, docentes del Departamento de Territorio, Ambiente y Paisaje (DTAP) del Centro Universitario de la Regi\u00f3n Este (CURE), del Taller Articardi de la Licenciatura en Dise\u00f1o de Paisaje y del Departamento de Inform\u00e1tica aplicada al Dise\u00f1o (DepInfo) de la Facultad de Arquitectura, Dise\u00f1o y Urbanismo (FADU) de la Universidad de la Rep\u00fablica (UdelaR),<br \/>\ntiene antecedentes de trabajo en diversas investigaciones previas:<br \/>\nTransformaciones Territoriales en la Regi\u00f3n Este, din\u00e1micas e indicadores (CSIC I+D 2015-2016), Lineamientos generales para el Plan Director Parque Santa Teresa (Convenio UdelaR-MinTur 2015), Imaginarios Punta Negra (CSEAM Trayectorias Integrales 2013-2014), Pautas y recomendaciones para el Ordenamiento Paisaj\u00edstico del Departamento de Maldonado en su \u00e1rea rural e interfases urbanas (Convenio UdelaR-IDM 2011-2013), entre otras.<br \/>\n[\/et_pb_text][\/et_pb_column][\/et_pb_row][\/et_pb_section]<\/p>\n","protected":false},"excerpt":{"rendered":"<p>El proyecto propone investigar en el marco de los procesos de ense\u00f1anza-aprendizaje en la etapa escolar, en el paisaje como espacio estimulador del aprendizaje y como mediador de nuevas pedagog\u00edas. Estudiando nuevos dispositivos tecnol\u00f3gicos, en particular los drones, como herramientas para visualizar y descubrir nuevos paisajes, como instrumentos para aprender a aprender. Se trabajar\u00e1 con [&hellip;]<\/p>\n","protected":false},"author":1,"featured_media":0,"parent":0,"menu_order":0,"comment_status":"closed","ping_status":"closed","template":"","meta":{"_et_pb_use_builder":"on","_et_pb_old_content":"","_et_gb_content_width":"","footnotes":""},"class_list":["post-56","page","type-page","status-publish","hentry"],"_links":{"self":[{"href":"https:\/\/plapp.edu.uy\/index.php?rest_route=\/wp\/v2\/pages\/56","targetHints":{"allow":["GET"]}}],"collection":[{"href":"https:\/\/plapp.edu.uy\/index.php?rest_route=\/wp\/v2\/pages"}],"about":[{"href":"https:\/\/plapp.edu.uy\/index.php?rest_route=\/wp\/v2\/types\/page"}],"author":[{"embeddable":true,"href":"https:\/\/plapp.edu.uy\/index.php?rest_route=\/wp\/v2\/users\/1"}],"replies":[{"embeddable":true,"href":"https:\/\/plapp.edu.uy\/index.php?rest_route=%2Fwp%2Fv2%2Fcomments&post=56"}],"version-history":[{"count":2,"href":"https:\/\/plapp.edu.uy\/index.php?rest_route=\/wp\/v2\/pages\/56\/revisions"}],"predecessor-version":[{"id":95,"href":"https:\/\/plapp.edu.uy\/index.php?rest_route=\/wp\/v2\/pages\/56\/revisions\/95"}],"wp:attachment":[{"href":"https:\/\/plapp.edu.uy\/index.php?rest_route=%2Fwp%2Fv2%2Fmedia&parent=56"}],"curies":[{"name":"wp","href":"https:\/\/api.w.org\/{rel}","templated":true}]}}