{"id":59,"date":"2018-03-29T19:26:28","date_gmt":"2018-03-29T19:26:28","guid":{"rendered":"http:\/\/plapp.edu.uy\/?page_id=59"},"modified":"2018-03-29T19:26:28","modified_gmt":"2018-03-29T19:26:28","slug":"creditos","status":"publish","type":"page","link":"https:\/\/plapp.edu.uy\/?page_id=59","title":{"rendered":"Cr\u00e9ditos"},"content":{"rendered":"<p>[et_pb_section bb_built=&#8221;1&#8243;][et_pb_row][et_pb_column type=&#8221;4_4&#8243;][et_pb_text _builder_version=&#8221;3.0.106&#8243; background_layout=&#8221;light&#8221;]<\/p>\n<p>La investigaci\u00f3n que da origen a los resultados presentados recibi\u00f3 fondos de la Agencia Nacional de Investigaci\u00f3n e Innovaci\u00f3n (ANII) y de la Fundaci\u00f3n Centro Ceibal para el Estudio de las Tecnolog\u00edas Digitales en la Educaci\u00f3n bajo el c\u00f3digo FSED_2_2016_1_130781.<\/p>\n<hr \/>\n<div dir=\"auto\">\n<h4 dir=\"auto\">Responsable Acad\u00e9mica:<\/h4>\n<div dir=\"auto\">Ana Laura Go\u00f1i<\/div>\n<h4 dir=\"auto\">Investigadores:<\/h4>\n<div dir=\"auto\">Ana Laura Go\u00f1i<\/div>\n<div dir=\"auto\">Marcelo Payss\u00e9<\/div>\n<div dir=\"auto\">Norma Piazza<\/div>\n<div dir=\"auto\">Hugo Inda<\/div>\n<div dir=\"auto\">Colaboradores:<\/div>\n<div dir=\"auto\">Luc\u00eda Meirelles<\/div>\n<div dir=\"auto\">Luis Flores<\/div>\n<div dir=\"auto\">Fernando Garc\u00eda Amen<\/div>\n<div dir=\"auto\">William P\u00e9rez<\/div>\n<div dir=\"auto\">Victoria L\u00f3pez Ligerini<\/div>\n<h4 dir=\"auto\">Consultor:<\/h4>\n<div dir=\"auto\">Pablo Ross<\/div>\n<h4 dir=\"auto\">Becaria:<\/h4>\n<div dir=\"auto\">Victoria S\u00e1nchez<\/div>\n<\/div>\n<p>[\/et_pb_text][\/et_pb_column][\/et_pb_row][\/et_pb_section]<\/p>\n","protected":false},"excerpt":{"rendered":"<p><div class=\"et_pb_row et_pb_row_0 et_pb_row_empty\">\n\t\t\t\t\n\t\t\t\t\n\t\t\t\t\n\t\t\t\t\n\t\t\t\t\n\t\t\t<\/div> La investigaci\u00f3n que da origen a los resultados presentados recibi\u00f3 fondos de la Agencia Nacional de Investigaci\u00f3n e Innovaci\u00f3n (ANII) y de la Fundaci\u00f3n Centro Ceibal para el Estudio de las Tecnolog\u00edas Digitales en la Educaci\u00f3n bajo el c\u00f3digo FSED_2_2016_1_130781. Responsable Acad\u00e9mica: Ana Laura Go\u00f1i Investigadores: Ana Laura Go\u00f1i Marcelo Payss\u00e9 Norma Piazza Hugo [&hellip;]<\/p>\n","protected":false},"author":1,"featured_media":0,"parent":0,"menu_order":0,"comment_status":"closed","ping_status":"closed","template":"","meta":{"_et_pb_use_builder":"on","_et_pb_old_content":"","_et_gb_content_width":"","footnotes":""},"class_list":["post-59","page","type-page","status-publish","hentry"],"_links":{"self":[{"href":"https:\/\/plapp.edu.uy\/index.php?rest_route=\/wp\/v2\/pages\/59","targetHints":{"allow":["GET"]}}],"collection":[{"href":"https:\/\/plapp.edu.uy\/index.php?rest_route=\/wp\/v2\/pages"}],"about":[{"href":"https:\/\/plapp.edu.uy\/index.php?rest_route=\/wp\/v2\/types\/page"}],"author":[{"embeddable":true,"href":"https:\/\/plapp.edu.uy\/index.php?rest_route=\/wp\/v2\/users\/1"}],"replies":[{"embeddable":true,"href":"https:\/\/plapp.edu.uy\/index.php?rest_route=%2Fwp%2Fv2%2Fcomments&post=59"}],"version-history":[{"count":0,"href":"https:\/\/plapp.edu.uy\/index.php?rest_route=\/wp\/v2\/pages\/59\/revisions"}],"wp:attachment":[{"href":"https:\/\/plapp.edu.uy\/index.php?rest_route=%2Fwp%2Fv2%2Fmedia&parent=59"}],"curies":[{"name":"wp","href":"https:\/\/api.w.org\/{rel}","templated":true}]}}

Créditos

<p>[et_pb_section bb_built=&#8221;1&#8243;][et_pb_row][et_pb_column type=&#8221;4_4&#8243;][et_pb_text _builder_version=&#8221;3.0.106&#8243; background_layout=&#8221;light&#8221;]</p>
<p>La investigación que da origen a los resultados presentados recibió fondos de la Agencia Nacional de Investigación e Innovación (ANII) y de la Fundación Centro Ceibal para el Estudio de las Tecnologías Digitales en la Educación bajo el código FSED_2_2016_1_130781.</p>
<hr />
<div dir="auto">
<h4 dir="auto">Responsable Académica:</h4>
<div dir="auto">Ana Laura Goñi</div>
<h4 dir="auto">Investigadores:</h4>
<div dir="auto">Ana Laura Goñi</div>
<div dir="auto">Marcelo Payssé</div>
<div dir="auto">Norma Piazza</div>
<div dir="auto">Hugo Inda</div>
<div dir="auto">Colaboradores:</div>
<div dir="auto">Lucía Meirelles</div>
<div dir="auto">Luis Flores</div>
<div dir="auto">Fernando García Amen</div>
<div dir="auto">William Pérez</div>
<div dir="auto">Victoria López Ligerini</div>
<h4 dir="auto">Consultor:</h4>
<div dir="auto">Pablo Ross</div>
<h4 dir="auto">Becaria:</h4>
<div dir="auto">Victoria Sánchez</div>
</div>
<p>[/et_pb_text][/et_pb_column][/et_pb_row][/et_pb_section]</p>

<p><div class="et_pb_row et_pb_row_0 et_pb_row_empty">
				
				
				
				
				
			</div> La investigación que da origen a los resultados presentados recibió fondos de la Agencia Nacional de Investigación e Innovación (ANII) y de la Fundación Centro Ceibal para el Estudio de las Tecnologías Digitales en la Educación bajo el código FSED_2_2016_1_130781. Responsable Académica: Ana Laura Goñi Investigadores: Ana Laura Goñi Marcelo Payssé Norma Piazza Hugo [&hellip;]</p>
