{"id":72,"date":"2018-03-29T19:51:56","date_gmt":"2018-03-29T19:51:56","guid":{"rendered":"http:\/\/plapp.edu.uy\/?page_id=72"},"modified":"2022-03-01T18:07:42","modified_gmt":"2022-03-01T18:07:42","slug":"colaboradores","status":"publish","type":"page","link":"https:\/\/plapp.edu.uy\/?page_id=72","title":{"rendered":"Colaboradores"},"content":{"rendered":"<p>[et_pb_section fb_built=&#8221;1&#8243; _builder_version=&#8221;3.22&#8243; global_colors_info=&#8221;{}&#8221; theme_builder_area=&#8221;post_content&#8221;][et_pb_row _builder_version=&#8221;3.25&#8243; background_size=&#8221;initial&#8221; background_position=&#8221;top_left&#8221; background_repeat=&#8221;repeat&#8221; global_colors_info=&#8221;{}&#8221; theme_builder_area=&#8221;post_content&#8221;][et_pb_column type=&#8221;4_4&#8243; _builder_version=&#8221;3.25&#8243; custom_padding=&#8221;|||&#8221; global_colors_info=&#8221;{}&#8221; custom_padding__hover=&#8221;|||&#8221; theme_builder_area=&#8221;post_content&#8221;][et_pb_text _builder_version=&#8221;3.27.4&#8243; global_colors_info=&#8221;{}&#8221; theme_builder_area=&#8221;post_content&#8221;]PROYECTO ANII \/ EL PAISAJE COMO MEDIADOR DE NUEVAS PEDAGOG\u00cdAS Y TECNOLOG\u00cdAS<\/p>\n<p><strong>\u00a0<\/strong><\/p>\n<p>Listado ni\u00f1os y maestras participantes Escuela 88 Faro Jos\u00e9 Ignacio<\/p>\n<p>&nbsp;<\/p>\n<p>Directora: Maestra Silvia Rivas<\/p>\n<p>Clase 4\u00aa a 6\u00aa: Maestra Nilvia Ferrizzo<\/p>\n<p>Ni\u00f1os:<\/p>\n<p>Juan Bautista Gaida<\/p>\n<p>Ronand Romillo<\/p>\n<p>Thiago Gonz\u00e1lez<\/p>\n<p>Yamila M\u00e1rquez<\/p>\n<p>Romina Vila<\/p>\n<p>Florencia Romero<\/p>\n<p>Candelaria da Costa<\/p>\n<p>Ezequiel Sosa<\/p>\n<p>Lautaro P\u00e9rez<\/p>\n<p>Lautaro Silva<\/p>\n<p>Mateo Monta\u00f1ez<\/p>\n<p>Marcos Curbelo<\/p>\n<p>Natalia Navas<\/p>\n<p>Catherine Navas<\/p>\n<p>Yamila Dalessio<\/p>\n<p>Avril Rodr\u00edguez<\/p>\n<p>Martina San Mart\u00edn<\/p>\n<p>Natalia Fontes<\/p>\n<p>Alexander P\u00e9rez<\/p>\n<p>Candela Silva<\/p>\n<p>Cati B\u00e1ez<\/p>\n<p>&nbsp;<\/p>\n<p>&nbsp;<br \/>\n[\/et_pb_text][\/et_pb_column][\/et_pb_row][\/et_pb_section]<\/p>\n","protected":false},"excerpt":{"rendered":"<p>PROYECTO ANII \/ EL PAISAJE COMO MEDIADOR DE NUEVAS PEDAGOG\u00cdAS Y TECNOLOG\u00cdAS \u00a0 Listado ni\u00f1os y maestras participantes Escuela 88 Faro Jos\u00e9 Ignacio &nbsp; Directora: Maestra Silvia Rivas Clase 4\u00aa a 6\u00aa: Maestra Nilvia Ferrizzo Ni\u00f1os: Juan Bautista Gaida Ronand Romillo Thiago Gonz\u00e1lez Yamila M\u00e1rquez Romina Vila Florencia Romero Candelaria da Costa Ezequiel Sosa Lautaro [&hellip;]<\/p>\n","protected":false},"author":1,"featured_media":0,"parent":0,"menu_order":0,"comment_status":"closed","ping_status":"closed","template":"","meta":{"_et_pb_use_builder":"on","_et_pb_old_content":"","_et_gb_content_width":"","footnotes":""},"class_list":["post-72","page","type-page","status-publish","hentry"],"_links":{"self":[{"href":"https:\/\/plapp.edu.uy\/index.php?rest_route=\/wp\/v2\/pages\/72","targetHints":{"allow":["GET"]}}],"collection":[{"href":"https:\/\/plapp.edu.uy\/index.php?rest_route=\/wp\/v2\/pages"}],"about":[{"href":"https:\/\/plapp.edu.uy\/index.php?rest_route=\/wp\/v2\/types\/page"}],"author":[{"embeddable":true,"href":"https:\/\/plapp.edu.uy\/index.php?rest_route=\/wp\/v2\/users\/1"}],"replies":[{"embeddable":true,"href":"https:\/\/plapp.edu.uy\/index.php?rest_route=%2Fwp%2Fv2%2Fcomments&post=72"}],"version-history":[{"count":2,"href":"https:\/\/plapp.edu.uy\/index.php?rest_route=\/wp\/v2\/pages\/72\/revisions"}],"predecessor-version":[{"id":126,"href":"https:\/\/plapp.edu.uy\/index.php?rest_route=\/wp\/v2\/pages\/72\/revisions\/126"}],"wp:attachment":[{"href":"https:\/\/plapp.edu.uy\/index.php?rest_route=%2Fwp%2Fv2%2Fmedia&parent=72"}],"curies":[{"name":"wp","href":"https:\/\/api.w.org\/{rel}","templated":true}]}}

<p>[et_pb_section fb_built=&#8221;1&#8243; _builder_version=&#8221;3.22&#8243; global_colors_info=&#8221;{}&#8221; theme_builder_area=&#8221;post_content&#8221;][et_pb_row _builder_version=&#8221;3.25&#8243; background_size=&#8221;initial&#8221; background_position=&#8221;top_left&#8221; background_repeat=&#8221;repeat&#8221; global_colors_info=&#8221;{}&#8221; theme_builder_area=&#8221;post_content&#8221;][et_pb_column type=&#8221;4_4&#8243; _builder_version=&#8221;3.25&#8243; custom_padding=&#8221;|||&#8221; global_colors_info=&#8221;{}&#8221; custom_padding__hover=&#8221;|||&#8221; theme_builder_area=&#8221;post_content&#8221;][et_pb_text _builder_version=&#8221;3.27.4&#8243; global_colors_info=&#8221;{}&#8221; theme_builder_area=&#8221;post_content&#8221;]PROYECTO ANII / EL PAISAJE COMO MEDIADOR DE NUEVAS PEDAGOGÍAS Y TECNOLOGÍAS</p>
<p><strong> </strong></p>
<p>Listado niños y maestras participantes Escuela 88 Faro José Ignacio</p>
<p>&nbsp;</p>
<p>Directora: Maestra Silvia Rivas</p>
<p>Clase 4ª a 6ª: Maestra Nilvia Ferrizzo</p>
<p>Niños:</p>
<p>Juan Bautista Gaida</p>
<p>Ronand Romillo</p>
<p>Thiago González</p>
<p>Yamila Márquez</p>
<p>Romina Vila</p>
<p>Florencia Romero</p>
<p>Candelaria da Costa</p>
<p>Ezequiel Sosa</p>
<p>Lautaro Pérez</p>
<p>Lautaro Silva</p>
<p>Mateo Montañez</p>
<p>Marcos Curbelo</p>
<p>Natalia Navas</p>
<p>Catherine Navas</p>
<p>Yamila Dalessio</p>
<p>Avril Rodríguez</p>
<p>Martina San Martín</p>
<p>Natalia Fontes</p>
<p>Alexander Pérez</p>
<p>Candela Silva</p>
<p>Cati Báez</p>
<p>&nbsp;</p>
<p>&nbsp;<br />
[/et_pb_text][/et_pb_column][/et_pb_row][/et_pb_section]</p>

<p>PROYECTO ANII / EL PAISAJE COMO MEDIADOR DE NUEVAS PEDAGOGÍAS Y TECNOLOGÍAS   Listado niños y maestras participantes Escuela 88 Faro José Ignacio &nbsp; Directora: Maestra Silvia Rivas Clase 4ª a 6ª: Maestra Nilvia Ferrizzo Niños: Juan Bautista Gaida Ronand Romillo Thiago González Yamila Márquez Romina Vila Florencia Romero Candelaria da Costa Ezequiel Sosa Lautaro [&hellip;]</p>
